*y + 15. Let m(d) = 163*d**3 - 50*d**2 + 114*d - 32. Let o(g) = -13*a(g) - 6*m(g). What are the prime factors of o(3)?
2, 3, 41
List the prime factors of 2821557/413 - (2/(-7))/2.
2, 7, 61
Let n = -1455 + 1013. Let u = -111 - n. List the prime factors of u.
331
Let r be ((-5784)/(-42))/(4/14). Let s = -95 + r. List the prime factors of s.
3, 43
Suppose -24625 = y - 5*y - 1333. What are the prime factors of y?
3, 647
Let v(p) = -17*p + 61. Let m(i) = 9*i - 30. Let b(t) = -7*m(t) - 4*v(t). Suppose -30 = -3*s - a, 0*s + 3*s - 5*a = 48. List the prime factors of b(s).
3, 7
Let m = 1592 + 266. Suppose 748 = 2*f + 4*t, -3*f = 2*f - 2*t - m. List the prime factors of f.
2, 3, 31
Let g = 11095 - 1488. List the prime factors of g.
13, 739
Suppose -3*o + 5*u = -114319, o + 2*u - 31432 = 6667. List the prime factors of o.
3, 13, 977
Let p be 1/2 - (-2)/4. Suppose -1 = -j + p. What are the prime factors of (1/j)/(2/292)?
73
Suppose j = 4*o - 6043, -461 = 2*o + j - 3490. Suppose -5*p = 3*w - o, 4*w - 385 = 3*p - 1298. List the prime factors of p.
3, 101
What are the prime factors of -2 + (24/(-36) - (-235532)/12)?
5, 157
Let v(s) = 5*s**3 - s**2 + 4*s + 65. List the prime factors of v(6).
11, 103
Let i = 285 - 132. Suppose 2*r - 5*m = 336, -2*r + r - 5*m = -i. Suppose -4*n - 2*g = g - r, -2*n = -5*g - 75. List the prime factors of n.
2, 5
Let i = -95 + 111. What are the prime factors of 6890/i + 18/48?
431
Suppose -8*q - 3 = -5*q. Let g be q + (-2)/(-1) + 3. Suppose 3*w + 19 = g*w. List the prime factors of w.
19
Let j(z) = 2*z**2 + 502*z + 58184. What are the prime factors of j(0)?
2, 7, 1039
Suppose -132*m = -837*m + 5099970. What are the prime factors of m?
2, 3617
Let i be 34/2*-1*1. Let a = -171 + 169. What are the prime factors of (i + 279)*a/(-4)?
131
Let m = 5602 + -2656. Suppose -f = 4*y - 1481 - 4433, -2*y + 5*f + m = 0. What are the prime factors of y?
2, 739
Let t(l) = -8 - 16 - l**3 + 18*l**2 + 3*l - 7*l - 22*l. List the prime factors of t(12).
2, 3, 11
Suppose -w = -5*h - 1 - 12, 4*w = -h + 31. What are the prime factors of (-375)/(-13) - w/(-52)?
29
Suppose 5*c + 11*c = -160. Let n(r) = 8*r**2 + 11*r + 110. List the prime factors of n(c).
2, 5
Let s be 1 + -3 + 1 + (0 - -3). Suppose -3*k - 4719 = -s*z, -1 + 13 = 4*k. Suppose -7*x - 5*x = -z. What are the prime factors of x?
197
Let f(j) = -2*j**2 + 20*j - 8. Let g be f(6). Let p = 226 - g. What are the prime factors of p?
2, 3, 31
Suppose -2*g - 91 + 11 = 2*s, -2*s - 5*g - 65 = 0. Let x be (1/(-1 + 2))/(s/(-585)). Suppose -16*o = -x*o - 453. List the prime factors of o.
151
Let h(n) = 2*n**3 + 4*n**2 + n - 3. Let f be h(1). Suppose 0*c = -3*c - 3, f*q + 3*c - 1181 = 0. List the prime factors of q.
2, 37
Let g(a) = -a**2 - 10*a - 5. Let b be g(-9). List the prime factors of (15 + 736)/(b/4).
751
Suppose 0 = n + 5*d - 30, 0*n + 2*n + 3*d = 32. Suppose q + n*q = 4136. List the prime factors of q.
2, 47
Let c(j) be the third derivative of -j**6/120 + 13*j**5/60 - j**4/6 - 22*j**3/3 + 64*j**2. What are the prime factors of c(12)?
2, 13
Suppose 6*u + 442260 = -0*u. What are the prime factors of u/(-110) + (-4)/44?
2, 5, 67
Let t(u) = u**2 - 5*u - 128. Let j be t(18). Suppose -5*w - 4*a + 59 = 0, w - 110*a = -j*a + 31. What are the prime factors of w?
3, 5
Suppose -5*i + 4 = -4*g - 5, -5*g = -4*i. Suppose -g*z - 38 = -3*z. Let s = z - -54. What are the prime factors of s?
2
Suppose 0 = 4*b - 3*h - 74 - 2043, 5*b - 2638 = h. Suppose 3*w - 810 = -4*z, 4*w + 5*z - 554 = b. List the prime factors of w.
2, 137
Suppose 237 = -3*s + 51. Let i = 112 + s. What are the prime factors of i + ((-4)/(-10))/((-1)/5)?
2, 3
Let f = 5 - -57. Suppose -3*d + 9 = 5*a + f, 25 = 5*a. Let w = 47 + d. List the prime factors of w.
3, 7
Let y = 47 + -32. Let h(w) = 9*w - 30. Let r be h(y). Let a = r + -47. What are the prime factors of a?
2, 29
Let l = -2163 - -16540. What are the prime factors of l?
11, 1307
Let x = -537 + -803. What are the prime factors of (x/100)/(2/(-20))?
2, 67
Suppose 4*v - 7*v = -15. Suppose 3*l - 3*f - 315 + 24 = 0, 109 = l - v*f. What are the prime factors of l?
2, 47
Let b(q) = -46*q - 172. Let y be b(-35). Suppose -4*o = 5*g - 1777, 10*o = 4*g + 5*o - y. List the prime factors of g.
3, 7, 17
Let q(u) = -u**2 - 2. Let l be q(0). Let k(h) = -h**2 + 1. Let y be k(l). List the prime factors of 6/y + 5 - -85.
2, 11
Let w(c) = -c**3 + 10*c**2 - 2*c + 2. Let s be w(9). Let j(g) = -4*g + 65. Let q be j(21). Let p = s + q. What are the prime factors of p?
2, 23
Suppose 58*f = 41*f - 55761 + 184740. What are the prime factors of f?
3, 281
Suppose 23*o = -5288 + 19709. What are the prime factors of ((-2)/(-1) - -1) + o/1?
2, 3, 5, 7
What are the prime factors of (-22 + 36 - -42258) + 6?
2, 21139
Suppose t + t + 2*s - 998 = 0, -2503 = -5*t - s. Suppose y + t = i - 68, 2842 = 5*i - 4*y. What are the prime factors of i?
2, 283
Suppose 0 = -74*v + 339*v - 3580150. List the prime factors of v.
2, 5, 7, 193
Let r be ((-80)/48 + 3)/((-2)/(-2427)). Suppose -43*b + 15636 = r. What are the prime factors of b?
2, 163
Let b = -1204 + 8633. What are the prime factors of b?
17, 19, 23
Suppose -b + 2*v + 41 - 12 = 0, 2*b = -2*v + 46. Suppose -33*w + 8360 = -b*w. What are the prime factors of w?
5, 11, 19
Suppose 2*z - 3*z + 9 = 0. Suppose -b + 47 = -25. Let u = b - z. List the prime factors of u.
3, 7
Let k(f) = -f**3 - 12*f**2 - 74*f + 37. List the prime factors of k(-18).
3313
Let d(h) = 9 + 15*h - 69*h**3 + 134*h**3 - 6*h**2 + 9 + 25*h**2 - 66*h**3. List the prime factors of d(19).
3, 101
Let r = 2262 + -565. What are the prime factors of r?
1697
Suppose 23*i - 175095 = -4*i. What are the prime factors of i?
5, 1297
Suppose 0 = 5*z - 18 + 3. Let l(b) = -59*b**2 - 3*b**z - 4 + 57*b**2 + 12. List the prime factors of l(-3).
71
Let s = -748 + 14081. List the prime factors of s.
67, 199
Let y = 71 + -64. Suppose -y*b + 4*b = -2*z - 1813, -4*b + 2419 = -z. List the prime factors of b.
5, 11
Suppose 96*f - 93722 = 296134. List the prime factors of f.
31, 131
Let d = -824 - -1892. Let m = 1588 - d. List the prime factors of m.
2, 5, 13
Suppose 3*r - 14 + 8 = 0. Let q be r*(-3 + 14/4) + 2. Suppose 2*j - 492 = -2*j - 4*m, -q*m - 369 = -3*j. What are the prime factors of j?
3, 41
Suppose 6*a = 0, 3*w - a = -a - a + 6219. What are the prime factors of w?
3, 691
Let y be -3 + (-3 - -4) - -1210. Suppose -2*d = 392 - y. What are the prime factors of d?
2, 3, 17
Suppose -131*m + 46*m + 234156 = -33*m. List the prime factors of m.
3, 19, 79
Let n(t) = 91*t + 7701. List the prime factors of n(41).
2, 1429
Let v = -16 - -21. Suppose -6*p = -v*p - 7. Let s = p + 75. List the prime factors of s.
2, 41
Let i be -305 + (-5 - -2*(-9)/(-2)). What are the prime factors of (-258)/i*-4*(-1722)/4?
2, 3, 41
Let p = -408 + 412. Suppose 5*t - p*s = 6388, -t + 1157 = -4*s - 111. What are the prime factors of t?
2, 5
Let j = -11575 + 20651. What are the prime factors of j?
2, 2269
Let d(s) be the third derivative of 61*s**4/12 + 151*s**3/6 + 142*s**2. List the prime factors of d(5).
761
Let w = -124 + 116. Let y be (-6 + 2 + 20/w)*-2. Suppose y*p + 2895 = 28*p. List the prime factors of p.
193
What are the prime factors of 280*20826/3536 + (4/(-17))/2?
17, 97
Suppose -68959 = -37*o + 43484. List the prime factors of o.
3, 1013
Suppose 7*z - 59 = -45. Let u = z + 2. Suppose x = 1, -5*x + 4*x - 123 = -u*k. What are the prime factors of k?
31
Let l be (-50)/200 + (0 - (-4617)/4). Suppose l = -6*d - 586. List the prime factors of (3/(-2))/(d/(-148) + -2).
37
Let u be ((-1)/(-9))/(-1)*-12*138. Suppose 0 = -9*c + u - 787. Let y = 171 + c. What are the prime factors of y?
2, 13
List the prime factors of -4 + (-2 - 7) + 23182 - -6.
3, 5, 103
Let s(c) be the second derivative of -7*c**3/2 + 5*c**2/2 - c. Suppose -733 = 13*u - 681. List the prime factors of s(u).
89
Let p(h) = h**2 - 15*h + 1020. List the prime factors of p(62).
2, 7, 281
What are the prime factors of ((-1661)/(-22))/(1/(-2))*-27?
3, 151
Let p(k) be the third derivative of -73*k**4/24 - 19*k**3/3 - 73*k**2. List the prime factors of p(-6).
2, 5
Let x(g) = 2*g**2 - 23*g - 11. Let q be x(13). Let k(c) = c**3 - 27*c**2 + c - 27. What are the prime factors of k(q)?
5, 157
Let w = -8054 - -9263